q) = 54*q**2 - 27*q + 481. Is n(40) a composite number?
True
Let i be (0 - (-4 + 8))*-1*422. Let u = -950 + i. Let y = 1487 - u. Is y prime?
False
Let d = 151378 + -25971. Is d prime?
True
Suppose -4*c = 4*c + 2792. Let x = 608 + c. Is x a prime number?
False
Let m(a) = -954*a - 317. Is m(-13) a composite number?
True
Let w = 327 + -501. Let g = w - -641. Suppose 2*v + 57 = g. Is v composite?
True
Let s = 124654 + -22031. Is s a composite number?
True
Let p = -955703 + 2312374. Is p composite?
False
Let r(y) = 24*y**3 - 10*y**2 + 18*y + 3599. Is r(45) a prime number?
True
Suppose 10*f + 9 = -11. Is (2*47/f)/(3/(-69)) a composite number?
True
Suppose 2*l - 74 = -50. Is (40322/l)/((-5)/(-30)) a prime number?
True
Suppose -u + 4*u = -2*a - 1, -9 = 2*u + 3*a. Suppose -4415 - 529 = u*q. Let t = q - -3447. Is t prime?
False
Suppose 18*r - 2328 = -762. Is (2 + r)*(-7 + 8) a composite number?
False
Let p(h) = -h**3 - 3*h**2 - h - 9. Let a be p(-3). Is ((-3)/(a - -3))/(2/682) composite?
True
Let z be (4 - 3) + 96422 + 0. Let l = z - 34751. Is l/24 + 4/(-6) composite?
True
Suppose 2*a = -8*a + 714090. Suppose 53558 = 2*z + z + j, j - a = -4*z. Is z prime?
True
Suppose 111*o + 480812 - 3413988 = 7339985. Is o a prime number?
True
Let a = 25 + -22. Suppose 0 = -a*r - 4*d + 12 + 2, -2*r + 5*d = 6. Let x(u) = 133*u**3 + u**2 + 1. Is x(r) composite?
False
Let d = -66 + 59. Let s(k) = -20*k - 51. Is s(d) prime?
True
Let u be (-21)/(-14)*24/9. Suppose -4*g = 2*k - 29640, -3*g - 2*g = u*k - 37047. Is g composite?
False
Let q(a) = -7*a**3 - 3*a**2 - 356*a - 35. Is q(-24) prime?
True
Let y be (-2)/5 - (-1 + 85/(-25)). Suppose 6*g + y*g = 8090. Is g a prime number?
True
Suppose -2*a = -5*s - 1056329, 2*a - 1056365 = -273*s + 274*s. Is a prime?
False
Suppose 4*c + 30 = 6*c. Suppose -p + 5*u + 4 = -23, 5*u + c = 0. Suppose p*o - 4565 = 7*o. Is o a prime number?
False
Let m(t) = -4*t**3 - 9*t**2 - 13*t + 19. Let i be 5/(20/(-24)) + -5. Is m(i) a prime number?
True
Is (-6209764)/(-5) - 10/(-50)*1 a prime number?
False
Let a = 5 - -3. Let h(k) = -1044 + 2074 + 291*k - 1041 + 44*k + 103*k. Is h(a) composite?
True
Let b(o) = -13*o - 7. Let u be b(-3). Suppose -28*g + 220 = -u*g. Is (-4)/(-2) - (g - -6) composite?
True
Let j(i) = -i**3 - 12*i**2 - 14*i + 9. Let k(w) = -w**2 + 5. Let o be k(-4). Let n be j(o). Is 8004/n - 6/(-14) composite?
False
Let z(g) = -27*g**3 + 2. Let s(j) = 81*j**3 + j**2 + j - 8. Let w(v) = 6*s(v) + 17*z(v). Is w(5) a prime number?
True
Let r(l) = l**3 - 3*l**2 + 4*l + 3. Let g be r(3). Let y(b) = -558*b - 7. Let k be y(1). Is (g/(-5) - -2)*(-1 + k) prime?
False
Suppose 0 = -4*w + 271668 + 411008. Is w a composite number?
False
Is (-10)/36*40/50 - (-18706)/18 a composite number?
False
Let v(n) = n**2 - 7*n + 7. Let t be v(8). Suppose -2 - 13 = i. Is (-51)/i - 6/t - -368 composite?
True
Let n = -55 + 49. Let p be 1*3176*n/12. Is (p/(-10))/((-2)/(-5)) a composite number?
False
Suppose -7*w - 6477 = -6*w - 3*m, 0 = -w - 4*m - 6463. Is ((-4)/(-6))/((-6)/w) composite?
False
Let d be -16257 + 6/(-4)*-2. Let r = 5455 - d. Is r prime?
False
Suppose 143 = 6*z + 5*z. Suppose z = -5*j - 2. Is (-2 + 1)/(-1) + (j - -673) prime?
False
Suppose -18*o - 16 = -22*o. Suppose -2*j + o*k - 715 = -3*j, -700 = -j - k. Is j composite?
True
Suppose -13*y + 8*y = 1790. Let q = 114 + y. Let m = q - -1933. Is m prime?
False
Let x(i) = -i**3 - 23*i**2 - 129*i + 124. Is x(-51) composite?
False
Let j = 31 + -30. Let k be 6*(-4)/(-18) + 1306/6. Suppose -2*y + k - j = 0. Is y composite?
False
Suppose 24*n + 17483 = 3*n + 22*n. Is n composite?
False
Let b = 1097993 - 566536. Is b a prime number?
True
Suppose 0 = 3*f + 3*x - 3006327, -20 = -2042*x + 2047*x. Is f composite?
True
Suppose k - u + 234 = 4*k, 5*u = -4*k + 323. Suppose -216*i = -215*i - 114. Let y = i - k. Is y a prime number?
True
Suppose 9995*k = 9984*k + 994895. Is k a composite number?
True
Is 11837 - (-5 + (14 - 18)) composite?
True
Suppose i - 2*r + 1286 + 6509 = 0, -5*i = -r + 38939. Is (i - 2)*(42/(-7))/6 a prime number?
True
Let w(k) = -k**2 - 15*k + 5. Let c be w(-15). Suppose 2453 + 292 = c*b. Suppose 8*j - b = 1163. Is j a prime number?
False
Is (-1 - 8/(-5)) + (10071864/135 - 14) composite?
True
Suppose 38485 = 49*x - 44*x. Is x a composite number?
True
Suppose -4*g + 5*h - 2 = -8, 4*g - 4*h = 8. Suppose -f - 1 = -3*c - 4, -4*f - 4*c - g = 0. Suppose f*v = -4*v + 892. Is v a composite number?
False
Suppose -2 = 10*w - 11*w. Suppose 2*o = w*f + 2504, 5489 - 483 = -4*f + 3*o. Let p = f + 1983. Is p prime?
True
Let f be 26/10 - (2/(-5) + 1). Suppose k - 5 = -f*i - i, 3*i = 3*k - 39. Suppose -9*h = -k*h + 3386. Is h prime?
True
Suppose -100*g + 2603928 + 1072372 = 0. Is g composite?
True
Let i be -1*(0 - 12) + 0 + 1. Let b = i + -8. Suppose 0*q = 2*d + 3*q - 2725, 0 = -5*q + b. Is d composite?
False
Let b(i) = 5*i**2 - 102*i - 37. Is b(82) composite?
False
Suppose -215*a = -423*a + 11388208. Is a prime?
True
Let t(x) = 5*x**2 - 70*x - 146. Is t(85) a composite number?
False
Suppose 0 = 5*q - 12 - 3. Is (10590/5)/(2 - (q - 3)) composite?
True
Suppose 53 - 41 = 4*k. Suppose -2*h + 3*x + 5 = 8*x, 4*h + k*x - 17 = 0. Is 834/5*h/2 a prime number?
False
Let s = -179 - -184. Suppose s*v = 4926 + 13369. Is v a prime number?
True
Is 28/6 + -3 + 15/(585/6404554) a prime number?
False
Suppose -11 = 5*r - 1, -15656 = -2*m - 3*r. Suppose -2*a + m = 5*s, 8*s + 3*a - 7829 = 3*s. Is s a composite number?
False
Let s be 30513/(-35) - (-2)/(-10). Let p = s + 1368. Suppose -3*v - 12 = 0, 4*v - p = -4*y + v. Is y a prime number?
True
Let x(m) = -129*m**3 + 2*m**2 - m - 4. Let d(n) = n**3 - 3. Let j be d(0). Let y be x(j). Is (-4)/6 - y/(-12) prime?
False
Suppose l + 155*y - 632057 = 158*y, -2*l - 4*y + 1264054 = 0. Is l a prime number?
False
Let j be 251 + (3/(-2))/(9/(-6)). Is (-20714)/(-18) - (-56)/j prime?
True
Let z be (-9)/((-7)/(-42609)*3). Let l = z - -26320. Is l composite?
False
Suppose 343*d + 116539515 = 137536026 + 270893402. Is d composite?
True
Let k(n) = 3*n**2 - 95*n - 4135. Is k(99) composite?
True
Let b(j) = -3*j - 66 + 277*j - 38*j - 12 - 5. Let n = 3 + 21. Is b(n) composite?
False
Let g be 14/(-2)*((-3)/21 - 1). Suppose -23*w + 495 = -g*w. Is 11/3 - (-11)/w - -1405 composite?
False
Let o(m) = m**2 - 9*m - 17. Let i be o(-2). Suppose 5*c - i = -10, 4*v = -2*c + 1058. Is v prime?
False
Let z(b) = b + 10. Let n be z(-5). Let h(i) = -2*i**3 + i + i**3 + 16 - 5*i**2 + 11*i**2. Is h(n) a prime number?
False
Let j(z) = -3*z - 15. Let d be j(-9). Let b = d - 6. Suppose 0 = -4*r + 5*i + 822, -3*r = b*i - 3*i - 603. Is r prime?
False
Suppose -6 = -2*j - 2*x, 2*j + 2*x = 4*x + 6. Suppose -3247 = -f - 4*r, 0 = f + j*r - 4358 + 1110. Is f a prime number?
True
Let c(k) = -48*k + 47. Suppose y + 3*d = 18 + 22, 3*y - 120 = 2*d. Let u = 25 - y. Is c(u) a composite number?
True
Suppose -2*d = 4*q - 6139 - 635, 0 = -5*q + 25. Suppose 3*t - d = 190. Is t a composite number?
True
Suppose -3*z + 2*z - 2*l + 15955 = 0, 0 = 3*z + 4*l - 47867. Suppose 2*o = -5*c + 6377, 2*c = -5*o + 4*c + z. Is o composite?
False
Suppose -7*z = -7 - 14. Suppose 0*v = z*o + 4*v + 265, -4*o = v + 362. Let g = 150 + o. Is g a composite number?
False
Suppose 1725*g + 378717 = 1728*g. Is g prime?
False
Suppose 34*y = 35*y. Is (y + (-1)/(-2))/((-28)/(-176680)) prime?
False
Let h(t) = t - 4. Let k be h(-11). Let v = k - -15. Suppose -5*d + 2*d + 141 = v. Is d prime?
True
Let c(k) = 73*k + 38. Let r be c(-8). Is 84/r - (1 + 305376/(-39)) a prime number?
True
Suppose 24*t - 492211 + 93739 = 0. Is t prime?
True
Suppose 0 = -4*w + 3*r + 33373, 12*r - 8347 = -w + 14*r. Suppose 0 = k - 3*y - 32869 - w, -123622 = -3*k + y. Is k composite?
True
Let t(i) = -4 - 8*i**2 + 6 + 0 + 11 + 6*i**3 + 2*i. Suppose -10*w - 3*f + 7 = -9*w, 0 = 4*w - 5*f - 28. Is t(w) a composite number?
False
Is (-6)/12 + 2707460/56 prime?
False
Let s(u) = -99 + 44 + 120*u**3 + 23*u - 2*u**2 + 6. Is s(2) composite?
True
Suppose 696*w = 790*w - 77896578. Is w composite?
True
Suppose 3*x + 419 = 2*v, 3*v - 635 = 2*x - 4*x. Is v/((-4)/34*(-8)/16) a prime number?
False
Let q(h) = -29051*h - 1526. Is q(-29) a prime number?
False
Let s = 1798 + 265. Is s a prime number?
True
Is -1*((-18)/45*-20 + -